{"id":1532,"date":"2019-07-29T10:23:56","date_gmt":"2019-07-29T13:23:56","guid":{"rendered":"http:\/\/cefa.agro.uba.ar\/?page_id=1532"},"modified":"2019-07-29T10:23:56","modified_gmt":"2019-07-29T13:23:56","slug":"publicaciones-por-cultivo-maiz","status":"publish","type":"page","link":"https:\/\/cefa.agro.uba.ar\/en\/publicaciones-por-cultivo-maiz\/","title":{"rendered":"Publicaciones por cultivo: Ma\u00edz"},"content":{"rendered":"<h1 style=\"color: #75b548;\">Corn<\/h1>\r\n<div style='display:none;'><\/div>\r\n<div style='float:left; width:25%; padding-left:10px;'><font color=\"silver\" size=\"3\">Summary in congress | <\/font><\/div>\r\n<div style='float:left; width:75%'>\r\n\t\r\n<p style=\"text-align: justify;\">Cina R.P., Carmona M., Reis E.M., L\u00f3pez S.E. (2009). Fungitoxicidad <em>in vivo<\/em> de Ciproconazole y su mezcla con Azoxistrobina a <em>Puccinia sorghi<\/em>. En: XLII Congreso Brasilerio de Fitopatolog\u00eda, 3 al 5 de agosto de 2009, Rio de Janeiro.<\/p>\n\r\n\r\n\r\n  \r\n  \r\n      \r\n\t<hr>\r\n\r\n\t<\/div><div style='display:none;'><\/div>\r\n<div style='float:left; width:25%; padding-left:10px;'><font color=\"silver\" size=\"3\">Summary in congress | <\/font><\/div>\r\n<div style='float:left; width:75%'>\r\n\t\r\n<p style=\"text-align: justify;\">De Rossi R.L., Bressano M., Marquez N., Plazas M.C., Br\u00fccher E., Albarrac\u00edn-Orio A.G., Ducasse D.A., Guerra G.D. (2011). Evaluaci\u00f3n de la actividad <em>in vitro<\/em> de 6 principios activos fungicidas frente a 2 aislamientos locales de tiz\u00f3n del ma\u00edz. En: Libro de Res\u00famenes del 2\u00ba Congreso Argentino de Fitopatolog\u00eda, Mar del Plata, Argentina.<\/p>\n\r\n\r\n\r\n  \r\n  \r\n      \r\n\t<hr>\r\n\r\n\t<\/div><div style='display:none;'><\/div>\r\n<div style='float:left; width:25%; padding-left:10px;'><font color=\"silver\" size=\"3\">Summary in congress | <\/font><\/div>\r\n<div style='float:left; width:75%'>\r\n\t\r\n<p style=\"text-align: justify;\">De Rossi R.L., Guerra F.A., Plazas M.C., Guerra G.D. (2014). Sensibilidad miceliana de <em>Exserohilum turcicum<\/em> aislado de ma\u00edz a fungicidas <em>in vitro<\/em>. En: Libro de Res\u00famenes, 3\u00ba Congreso Argentino de Fitopatolog\u00eda, 4, 5, y 6 de junio de 2014, San Miguel de Tucum\u00e1n.<\/p>\n\r\n\r\n\r\n  \r\n  \r\n      \r\n\t<hr>\r\n\r\n\t<\/div><div style='display:none;'><\/div>\r\n<div style='float:left; width:25%; padding-left:10px;'><font color=\"silver\" size=\"3\">Art\u00edculo cient\u00edfico | <\/font><\/div>\r\n<div style='float:left; width:75%'>\r\n\t\r\n<p style=\"text-align: justify;\">De Rossi R.L., Reis E.M., Brustolin R. (2015). Fungicide baseline for mycelial sensitivity of <em>Exserohilum turcicum<\/em>, causal agent of northern corn leaf blight. Summa Phytopathologica 41, 25 &#8211; 30.<\/p>\n\r\n\r\n\r\n  \r\n  \r\n<a id=\"publi\" href=\"http:\/\/www.scielo.br\/pdf\/sp\/v41n1\/0100-5405-sp-41-01-00025.pdf\" target=\"_blank\" rel=\"noopener noreferrer\"><i class=\"fa fa-file-text\" aria-hidden=\"true\"><\/i> Publicaci\u00f3n en PDF<\/a>\r\n\r\n      \r\n\t<hr>\r\n\r\n\t<\/div>","protected":false},"excerpt":{"rendered":"<p class=\"first-child\"><span title=\"M\" class=\"cv-drop-cap\">M<\/span>a\u00edz<\/p>","protected":false},"author":5,"featured_media":0,"parent":0,"menu_order":0,"comment_status":"closed","ping_status":"closed","template":"","meta":{"footnotes":""},"class_list":["post-1532","page","type-page","status-publish","hentry"],"_links":{"self":[{"href":"https:\/\/cefa.agro.uba.ar\/en\/wp-json\/wp\/v2\/pages\/1532","targetHints":{"allow":["GET"]}}],"collection":[{"href":"https:\/\/cefa.agro.uba.ar\/en\/wp-json\/wp\/v2\/pages"}],"about":[{"href":"https:\/\/cefa.agro.uba.ar\/en\/wp-json\/wp\/v2\/types\/page"}],"author":[{"embeddable":true,"href":"https:\/\/cefa.agro.uba.ar\/en\/wp-json\/wp\/v2\/users\/5"}],"replies":[{"embeddable":true,"href":"https:\/\/cefa.agro.uba.ar\/en\/wp-json\/wp\/v2\/comments?post=1532"}],"version-history":[{"count":0,"href":"https:\/\/cefa.agro.uba.ar\/en\/wp-json\/wp\/v2\/pages\/1532\/revisions"}],"wp:attachment":[{"href":"https:\/\/cefa.agro.uba.ar\/en\/wp-json\/wp\/v2\/media?parent=1532"}],"curies":[{"name":"wp","href":"https:\/\/api.w.org\/{rel}","templated":true}]}}

Publicaciones por cultivo: Maíz

<h1 style="color: #75b548;">Corn</h1>
<div style='display:none;'></div>
<div style='float:left; width:25%; padding-left:10px;'><font color="silver" size="3">Summary in congress | </font></div>
<div style='float:left; width:75%'>
	
<p style="text-align: justify;">Cina R.P., Carmona M., Reis E.M., López S.E. (2009). Fungitoxicidad <em>in vivo</em> de Ciproconazole y su mezcla con Azoxistrobina a <em>Puccinia sorghi</em>. En: XLII Congreso Brasilerio de Fitopatología, 3 al 5 de agosto de 2009, Rio de Janeiro.</p>



  
  
      
	<hr>

	</div><div style='display:none;'></div>
<div style='float:left; width:25%; padding-left:10px;'><font color="silver" size="3">Summary in congress | </font></div>
<div style='float:left; width:75%'>
	
<p style="text-align: justify;">De Rossi R.L., Bressano M., Marquez N., Plazas M.C., Brücher E., Albarracín-Orio A.G., Ducasse D.A., Guerra G.D. (2011). Evaluación de la actividad <em>in vitro</em> de 6 principios activos fungicidas frente a 2 aislamientos locales de tizón del maíz. En: Libro de Resúmenes del 2º Congreso Argentino de Fitopatología, Mar del Plata, Argentina.</p>



  
  
      
	<hr>

	</div><div style='display:none;'></div>
<div style='float:left; width:25%; padding-left:10px;'><font color="silver" size="3">Summary in congress | </font></div>
<div style='float:left; width:75%'>
	
<p style="text-align: justify;">De Rossi R.L., Guerra F.A., Plazas M.C., Guerra G.D. (2014). Sensibilidad miceliana de <em>Exserohilum turcicum</em> aislado de maíz a fungicidas <em>in vitro</em>. En: Libro de Resúmenes, 3º Congreso Argentino de Fitopatología, 4, 5, y 6 de junio de 2014, San Miguel de Tucumán.</p>



  
  
      
	<hr>

	</div><div style='display:none;'></div>
<div style='float:left; width:25%; padding-left:10px;'><font color="silver" size="3">Artículo científico | </font></div>
<div style='float:left; width:75%'>
	
<p style="text-align: justify;">De Rossi R.L., Reis E.M., Brustolin R. (2015). Fungicide baseline for mycelial sensitivity of <em>Exserohilum turcicum</em>, causal agent of northern corn leaf blight. Summa Phytopathologica 41, 25 &#8211; 30.</p>



  
  
<a id="publi" href="http://www.scielo.br/pdf/sp/v41n1/0100-5405-sp-41-01-00025.pdf" target="_blank" rel="noopener noreferrer"><i class="fa fa-file-text" aria-hidden="true"></i> Publicación en PDF</a>

      
	<hr>

	</div>

<p class="first-child"><span title="M" class="cv-drop-cap">M</span>aíz</p>
